?
11
Let z(t) = t**3 - 6*t**2 + 6*t - 7. Let s be z(5). Let g be (22/11)/(s/(-5)). Let q = g - -11. Calculate the remainder when 63 is divided by q.
15
Let l(o) = -2*o**3 - o**2 - o - 1. Let k be l(-1). Suppose -3*d - 13 + 43 = 0. What is the remainder when d is divided by (-45)/(-9) - (k + -3)?
3
What is the remainder when (124/(-6))/(68/(-204)) is divided by 44/6 - (-2)/(-6)?
6
Let z(r) = 2*r**3 + 4*r**2 + 1. Let s(w) = -2*w**3 - 3*w**2 - w. Let f(c) = -4*s(c) - 3*z(c). What is the remainder when f(3) is divided by 13?
11
Let c = -69 - -56. Let f = -10 - c. What is the remainder when 23 is divided by f?
2
Let q(l) = 5*l**2 - 5*l + 4. Suppose c - 5*o + 9 = -2*o, 5*c = 4*o - 1. Let g(v) = 18*v**2 + v + 1. Calculate the remainder when q(c) is divided by g(-1).
16
Suppose 0 = -0*f - 7*f - 35. Let j(n) = -13*n + 3. What is the remainder when j(f) is divided by 14?
12
Suppose 0 = -p + 46*p - 25920. What is the remainder when p is divided by 29?
25
Suppose 16*x + 86 = 150. Let g be -2*(9/2)/(-3). Suppose 0 = -2*p - g + 13. Calculate the remainder when p is divided by x.
1
Let f = -341 - -660. Suppose -5*m + 396 = -4*w, 0*w - f = -4*m + w. Suppose -m = -5*d + d. Calculate the remainder when 38 is divided by d.
18
Suppose 4*c = -4*s + 24, -4*c + 10 = -3*s - 0*c. Suppose -s*m = -0*m - 168. What is the remainder when m is divided by 22?
18
Suppose 3*c = 2 + 34. Let s be -3*(c/(-3))/4. Suppose -305 = -2*n - s*n. What is the remainder when n is divided by 21?
19
Suppose 49*o - 8*o - 328 = 0. What is the remainder when 123 is divided by o?
3
Let m = -19 + 12. Let f be (-1218)/4 + m/14. Calculate the remainder when (0 + 1)/((-5)/f) is divided by 16.
13
Suppose 0 = 5*q + 10, -7*a + 2*a = 2*q + 4. Let m be (3 - 1)/((-2)/(-68)). Suppose a = -5*t + t + m. Calculate the remainder when 49 is divided by t.
15
Let m(g) = -g - 51. Let q be m(0). Let v = q + 95. Suppose 0 = 2*n - 28 - v. What is the remainder when n is divided by 19?
17
Let z(t) = -11*t + 1. Let u be 16/4*(-2)/(-4). Let v be z(u). Let s = 40 + v. Calculate the remainder when s is divided by 11.
8
Let b = -25 + 110. What is the remainder when b is divided by 44?
41
Let v(m) = 3*m**3 + 37*m**2 + 8*m - 4. Suppose i - 29 = -4*k, 3*i + 2*k - 6*k = 23. Suppose -5*j + 32 = -i. What is the remainder when v(-12) is divided by j?
8
Let i(n) = -3*n - 3*n + 10*n**2 + 9 + n**3 - 4*n**3 + 2*n**3. Calculate the remainder when 106 is divided by i(9).
34
Let x be (1*-1)/(4/(-20)). Suppose -3*l + 4*c - 4 = -44, l - x*c - 28 = 0. Let s = -14 + 37. What is the remainder when s is divided by l?
7
Suppose 0 = -6*z - z + 147. Suppose 2*v - 17 - 27 = 0. Calculate the remainder when (-12)/z + (-606)/(-7) is divided by v.
20
Let j(t) = -17*t + 58. Suppose i + 6*p - 104 = 2*p, 5*i = 2*p + 454. Calculate the remainder when i is divided by j(2).
20
Suppose -2*o + 25 = -2*z - 11, 75 = 3*o + 4*z. Calculate the remainder when 251 is divided by o.
20
Calculate the remainder when (113/(-2))/(23/(-46)) is divided by 15.
8
Let b = 552 - 252. Suppose 4*o + 16 + b = 0. Let k = o - -124. What is the remainder when k is divided by 16?
13
Suppose 2*z = z + 7. Suppose -6 = -a - l - 4, -6 = -4*a - 3*l. Suppose a = t - 10 - 16. Calculate the remainder when t is divided by z.
5
Let p be (5/10)/(2/(-4)). Calculate the remainder when 208 is divided by (-7)/(-28) - p/(8/238).
28
Let s(k) be the second derivative of 11*k**5/20 + k**4/6 - k**2 - 16*k. Calculate the remainder when s(1) is divided by 7.
4
Calculate the remainder when (0 + 13 + -1)*5168/1216 is divided by 42.
9
Let u(a) = a**3 - 11*a**2 + a - 4. Let w = -1 - 12. Let h = w + 31. What is the remainder when h is divided by u(11)?
4
Suppose -4*c + 80 = -36. Let w(a) = -17*a + 181. What is the remainder when w(4) is divided by c?
26
Let w(y) = y**3 + 36*y**2 + 26*y + 126. What is the remainder when w(-35) is divided by 64?
57
Let g be ((-3)/3)/(-1) + 2. Let r(y) = -y - 2. Calculate the remainder when (4/2 - g)*-10 is divided by r(-8).
4
Suppose n = 7*s - 3072, 2*s - 6*s + 5*n + 1751 = 0. Calculate the remainder when s is divided by 22.
21
Let z be 16*3*(-12)/8. Let m be (z/(-14))/((-27)/126). Let n = m + 34. Calculate the remainder when 18 is divided by n.
8
Let b = -53 + 58. Suppose b*q = 2*u - 46, 0 = -2*u - 3*u - q + 61. Calculate the remainder when 30 is divided by u.
4
Calculate the remainder when 188 is divided by ((-2)/5 - (-42788)/1520)*4.
77
Suppose 2*u - 4*x = 29 - 9, 5*x = u - 16. Suppose -8*w = -4*w + 24. Let j = w - -25. Calculate the remainder when j is divided by u.
1
Let u = -4 - -6. Calculate the remainder when (-11 + 140/12)*9 is divided by u.
0
Let y(f) = -64*f + 56. What is the remainder when y(-3) is divided by 83?
82
Suppose 0 = 3*n, 4*n = -4*u + 2*u + 8. Calculate the remainder when (-6 - -1) + (20 - u) is divided by 6.
5
Suppose 0*s + 4*s - 24 = -x, -2*s + 12 = -2*x. Let f be s - 4 - (1 + -3). Let y(o) = 2*o - 3. What is the remainder when 13 is divided by y(f)?
3
Let c(w) = 145*w - 2. Let x be c(3). Suppose -4*y = -16, -8*m - 2*y + x = -3*m. Calculate the remainder when m is divided by 22.
19
Let q(a) be the third derivative of a**6/120 - a**5/20 + a**4/12 + 2*a**3/3 + 6*a**2. What is the remainder when 2 + 22 + 1 - -2 is divided by q(3)?
7
Let k = 351 - -218. Calculate the remainder when k is divided by 26.
23
Suppose 10*b - 4*b - 354 = 0. What is the remainder when 172 is divided by b?
54
What is the remainder when 132 is divided by (4/((-36)/15))/(18/(-486))?
42
Let c(f) = -f**3 - 6*f + 2. Suppose 178 - 50 = 4*s. Calculate the remainder when c(-6) is divided by s.
30
Suppose 84*p - 88*p + 180 = 0. Let q = -13 + 17. Suppose -q*a - 3 + 51 = 0. Calculate the remainder when p is divided by a.
9
What is the remainder when 45 + 1 + 60 + -66 is divided by 25?
15
Suppose 0 = 6*f - f + 5*s - 125, f - 13 = 3*s. Suppose -r - r = -m - 17, -4*m + f = r. Calculate the remainder when 26 is divided by r.
6
Let n be (-3 + 4)*(-4)/(-2). Suppose n*v + 1 + 1 = 0. Calculate the remainder when 21/7 + (30 - v) is divided by 18.
16
Let s(m) = 5*m - 33. Calculate the remainder when s(8) is divided by 4.
3
Let u(y) = 28*y**2 + 2*y - 3. Let q be u(1). Suppose 4*k - 20 - 27 = -3*x, 4*k = x + q. Calculate the remainder when 37 is divided by k.
5
Let i = 3 + -5. Let u be i + 30/(3 + -8). Let f = 47 + u. What is the remainder when f is divided by 21?
18
Let i be -2*(-21)/9*(-24)/(-16). Suppose 95 + 10 = i*h. Calculate the remainder when 55 is divided by h.
10
Let s be (-26)/(-7) - -1*4/14. Suppose 6*v - 2*q = v + 61, 12 = -s*q. Let m = 74 + -32. What is the remainder when m is divided by v?
9
Calculate the remainder when 12/((-1650)/186 + 9) is divided by 66.
27
Suppose 0 = -5*i - 2*h + 143, -4 = -4*h + 3*h. Calculate the remainder when i is divided by 6.
3
Let j = 894 - 92. What is the remainder when j is divided by 73?
72
Suppose 0 = 5*u + n - 9, -u - 3*n - 3 = -2. Suppose -u*k + 84 + 4 = 0. What is the remainder when k is divided by -6 - 2/((-22)/319)?
21
Let d be 6/33 - 97/(-11). Suppose d = -g + 2*g - 2*m, -g + 3*m = -5. Suppose -1 = 4*p - g. Calculate the remainder when 13 is divided by p.
1
Suppose -3*a = 12 - 174. Let w = a - 15. What is the remainder when 192 is divided by w?
36
Suppose 5*w = -2*v + 29, 2*v - 19 = -3*w - 0*v. Calculate the remainder when ((-88)/(-12))/(3 - 7/3) is divided by w.
1
Suppose 3*o - 17 = -2*i, 0 = -0*o + 5*o - 4*i - 65. Let d be (-2)/(-6) + 1/(-3). Let r = o + d. What is the remainder when 35 is divided by r?
8
Suppose d + 19 = -4*g, 3*d = -5*g + g - 17. Let k be (d/(-3))/(4/(-312)). Let r = -20 + k. Calculate the remainder when r is divided by 4.
2
Calculate the remainder when (-1)/(2/(-716)) - 1 is divided by 40.
37
Suppose -2*l - 6 = -0*l. Let f be -3 + -1*(l - 8). Suppose -f = 2*m - 26. What is the remainder when 26 is divided by m?
8
Let y(z) = z + 1. Let h(b) = b + 1. Let l(k) = 5*h(k) - 6*y(k). Suppose 0*s + 5*s = -60. What is the remainder when 42 is divided by l(s)?
9
Suppose c + 3 = -4*z, 10*z + 4*c - 10 = 5*z. Let s(i) = -i**2 - 3*i + 3. What is the remainder when (-23)/z + (-33)/(-22) is divided by s(-3)?
1
Suppose 14*l - 4*l - 1990 = 0. Calculate the remainder when l is divided by 25.
24
Suppose 31*v - 26*v = 4*m + 72, -5*m = -2*v + 39. S